{"id":2,"date":"2016-05-10T03:48:21","date_gmt":"2016-05-10T01:48:21","guid":{"rendered":"http:\/\/reittherapie-silkemoch.de\/?page_id=2"},"modified":"2021-09-16T09:55:03","modified_gmt":"2021-09-16T07:55:03","slug":"reitherapie","status":"publish","type":"page","link":"https:\/\/reittherapie-silkemoch.de\/?page_id=2","title":{"rendered":"Reittherapie"},"content":{"rendered":"\n<p><\/p>\n\n\n\n<p><\/p>\n\n\n\n<p><\/p>\n\n\n\n<p>Unter dem Oberbegriff &#8222;Reittherapie&#8220; werden p\u00e4dagogische, therapeutische und rehabilitative Angebote mit Hilfe von Pferden zusammengefasst. <\/p>\n\n\n\n<p>Dabei steht vor allem das therapeutische Handeln im Vordergrund.<\/p>\n\n\n\n<p class=\"has-text-align-left\">In der Reittherapie wird die wohltuende und heilende Wirkung des Pferdes auf den Menschen genutzt. Das Pferd schenkt Vertrauen und Sicherheit, braucht aber gleichzeitig klare Regeln. Der Bewegungsrhythmus des Tieres wirkt lockernd, ausgleichend und angstl\u00f6send. So kann das Pferd sehr effektiv als Br\u00fccke zwischen Patient und Therapeut genutzt werden. <\/p>\n\n\n\n<p>Im Vordergrund steht nicht das Reiten an sich, sondern auch das drumherum wird gro\u00dfgeschrieben. Der direkte Kontakt zum Tier ist immer gegeben, egal ob das Pferd gepflegt wird, \u00dcbungen am oder auf dem Pferd durchgef\u00fchrt werden oder Arbeiten im Stall verrichtet werden. Die Therapie verl\u00e4uft sowohl in Einzel- als auch in Gruppentherapien.<\/p>\n\n\n\n<p>Zielgruppe sind Kinder und Jugendliche mit k\u00f6rperlichen, seelischen und sozialen Entwicklungsst\u00f6rungen oder Behinderungen.<\/p>\n\n\n\n<p><\/p>\n","protected":false},"excerpt":{"rendered":"<p>Unter dem Oberbegriff &#8222;Reittherapie&#8220; werden p\u00e4dagogische, therapeutische und rehabilitative Angebote mit Hilfe von Pferden zusammengefasst. Dabei steht vor allem das therapeutische Handeln im Vordergrund. In der Reittherapie wird die wohltuende und heilende Wirkung des Pferdes auf den Menschen genutzt. Das Pferd schenkt Vertrauen und Sicherheit, braucht aber gleichzeitig klare Regeln. Der Bewegungsrhythmus des Tieres wirkt [&hellip;]<\/p>\n","protected":false},"author":1,"featured_media":0,"parent":0,"menu_order":2,"comment_status":"closed","ping_status":"closed","template":"page-templates\/full-width.php","meta":{"footnotes":""},"class_list":["post-2","page","type-page","status-publish","hentry"],"_links":{"self":[{"href":"https:\/\/reittherapie-silkemoch.de\/index.php?rest_route=\/wp\/v2\/pages\/2","targetHints":{"allow":["GET"]}}],"collection":[{"href":"https:\/\/reittherapie-silkemoch.de\/index.php?rest_route=\/wp\/v2\/pages"}],"about":[{"href":"https:\/\/reittherapie-silkemoch.de\/index.php?rest_route=\/wp\/v2\/types\/page"}],"author":[{"embeddable":true,"href":"https:\/\/reittherapie-silkemoch.de\/index.php?rest_route=\/wp\/v2\/users\/1"}],"replies":[{"embeddable":true,"href":"https:\/\/reittherapie-silkemoch.de\/index.php?rest_route=%2Fwp%2Fv2%2Fcomments&post=2"}],"version-history":[{"count":5,"href":"https:\/\/reittherapie-silkemoch.de\/index.php?rest_route=\/wp\/v2\/pages\/2\/revisions"}],"predecessor-version":[{"id":56,"href":"https:\/\/reittherapie-silkemoch.de\/index.php?rest_route=\/wp\/v2\/pages\/2\/revisions\/56"}],"wp:attachment":[{"href":"https:\/\/reittherapie-silkemoch.de\/index.php?rest_route=%2Fwp%2Fv2%2Fmedia&parent=2"}],"curies":[{"name":"wp","href":"https:\/\/api.w.org\/{rel}","templated":true}]}}